{"id":4220,"date":"2016-10-19T17:59:44","date_gmt":"2016-10-19T15:59:44","guid":{"rendered":"http:\/\/www.gatv.ssr.upm.es\/wordpress\/index.php\/premios\/?lang=en"},"modified":"2026-04-22T13:08:14","modified_gmt":"2026-04-22T11:08:14","slug":"awards","status":"publish","type":"page","link":"https:\/\/www.gatv.ssr.upm.es\/index.php\/awards\/","title":{"rendered":"Awards"},"content":{"rendered":"\n<style type=\"text\/css\" data-created_by=\"avia_inline_auto\" id=\"style-css-av-ldsqikox-3cdc9f657915fd134f018f65b6bcbaff\">\n.avia-image-container.av-ldsqikox-3cdc9f657915fd134f018f65b6bcbaff .av-image-caption-overlay-center{\ncolor:#ffffff;\n}\n<\/style>\n<div  class='avia-image-container av-ldsqikox-3cdc9f657915fd134f018f65b6bcbaff av-styling- avia-align-center  avia-builder-el-0  el_before_av_one_full  avia-builder-el-first '  itemprop=\"image\" itemscope=\"itemscope\" itemtype=\"https:\/\/schema.org\/ImageObject\" ><div class=\"avia-image-container-inner\"><div class=\"avia-image-overlay-wrap\"><img decoding=\"async\" class='wp-image-8966 avia-img-lazy-loading-not-8966 avia_image' src=\"https:\/\/www.gatv.ssr.upm.es\/wp-content\/uploads\/2023\/02\/premios_banner-1-scaled.jpg\" alt='' title='premios_banner'  height=\"334\" width=\"2560\"  itemprop=\"thumbnailUrl\" srcset=\"https:\/\/www.gatv.ssr.upm.es\/wp-content\/uploads\/2023\/02\/premios_banner-1-scaled.jpg 2560w, https:\/\/www.gatv.ssr.upm.es\/wp-content\/uploads\/2023\/02\/premios_banner-1-300x39.jpg 300w, https:\/\/www.gatv.ssr.upm.es\/wp-content\/uploads\/2023\/02\/premios_banner-1-1030x134.jpg 1030w, https:\/\/www.gatv.ssr.upm.es\/wp-content\/uploads\/2023\/02\/premios_banner-1-768x100.jpg 768w, https:\/\/www.gatv.ssr.upm.es\/wp-content\/uploads\/2023\/02\/premios_banner-1-1536x200.jpg 1536w, https:\/\/www.gatv.ssr.upm.es\/wp-content\/uploads\/2023\/02\/premios_banner-1-2048x267.jpg 2048w, https:\/\/www.gatv.ssr.upm.es\/wp-content\/uploads\/2023\/02\/premios_banner-1-1500x196.jpg 1500w, https:\/\/www.gatv.ssr.upm.es\/wp-content\/uploads\/2023\/02\/premios_banner-1-705x92.jpg 705w\" sizes=\"(max-width: 2560px) 100vw, 2560px\" \/><\/div><\/div><\/div>\n<div class='flex_column av-5vtwks-8451154ebdc6d86f67244c985e1a35ab av_one_full  avia-builder-el-1  el_after_av_image  el_before_av_one_full  first flex_column_div '   ><style type=\"text\/css\" data-created_by=\"avia_inline_auto\" id=\"style-css-av-ldsqhq69-162b7f5aa2279a97bee0ea38a4606c85\">\n#top .hr.hr-invisible.av-ldsqhq69-162b7f5aa2279a97bee0ea38a4606c85{\nheight:5px;\n}\n<\/style>\n<div  class='hr av-ldsqhq69-162b7f5aa2279a97bee0ea38a4606c85 hr-invisible  avia-builder-el-2  avia-builder-el-no-sibling '><span class='hr-inner '><span class=\"hr-inner-style\"><\/span><\/span><\/div><\/div>\n\n<style type=\"text\/css\" data-created_by=\"avia_inline_auto\" id=\"style-css-av-4bbv9o-5d93e249c825f87ecf5d37e4146173d8\">\n.flex_column.av-4bbv9o-5d93e249c825f87ecf5d37e4146173d8{\nborder-radius:0px 0px 0px 0px;\n-webkit-border-radius:0px 0px 0px 0px;\n-moz-border-radius:0px 0px 0px 0px;\n}\n<\/style>\n<div class='flex_column av-4bbv9o-5d93e249c825f87ecf5d37e4146173d8 av_one_full  avia-builder-el-3  el_after_av_one_full  avia-builder-el-last  first flex_column_div av-zero-column-padding column-top-margin'   ><section  class='av_textblock_section av-ayoi4-9ee208b0a33ae4b02762a96afd0bb1d6'  itemscope=\"itemscope\" itemtype=\"https:\/\/schema.org\/CreativeWork\" ><div class='avia_textblock'  itemprop=\"text\" ><ul>\n<li>\n<h4>D. Federico \u00c1lvarez<\/h4>\n<ul>\n<li><strong>Consolidation Award for Research Activity carried out at the Universidad Polit\u00e9cnica de Madrid (UPM)<\/strong>, granted by the Universidad Polit\u00e9cnica de Madrid (UPM) in recognition of his outstanding work in the field of multimedia technologies, 2026.<\/li>\n<\/ul>\n<\/li>\n<\/ul>\n<hr \/>\n<ul>\n<li>\n<h4>D. Jos\u00e9 Manuel Men\u00e9ndez<\/h4>\n<ul>\n<li><strong>Innovators Award 2022<\/strong>, granted by Dolby Laboratories for launching projects such as the 8K pilot broadcast carried out in October 2020 by the RTVE Chair at UPM, 2022.<\/li>\n<\/ul>\n<\/li>\n<\/ul>\n<hr \/>\n<ul>\n<li>\n<h4>D\u00aa. Eugenia Koblents Lapteva<\/h4>\n<ul>\n<li><strong>Best Paper Award at ICDP<\/strong>, granted by the Institution of Engineering and Technology for her publication <em data-start=\"657\" data-end=\"762\">\u201cEvidence recommendation in forensics based on cyclic meta-paths in heterogeneous information networks\u201d<\/em>, 2017.<\/li>\n<\/ul>\n<\/li>\n<\/ul>\n<hr \/>\n<ul>\n<li>\n<h4>D. Jos\u00e9 Manuel Men\u00e9ndez<\/h4>\n<ul>\n<li><strong>Innovators Award 2017<\/strong>, granted by Dolby Laboratories for activities related to next-generation audio and video signal broadcasting in terrestrial DVB-T2 television at the RTVE Chair at UPM, 2017.<\/li>\n<\/ul>\n<\/li>\n<\/ul>\n<hr \/>\n<ul>\n<li>\n<h4>D. Guillermo Cisneros P\u00e9rez.<\/h4>\n<ul>\n<li><strong>Fundaci\u00f3n DINTEL Award<\/strong>, as Director General of the Foundation for the International Promotion of Spanish Universities (Universidad.es). \u201cPerseverance of the Individual\u201d Award in the category \u201cDissemination and International Prestige of the Spain Brand in Education\u201d, for his \u201ccontribution to greater internationalization of the Spanish university system\u201d, 2014.<\/li>\n<\/ul>\n<\/li>\n<\/ul>\n<hr \/>\n<ul>\n<li>\n<h4>D. Faustino \u00c1ngel S\u00e1nchez Garc\u00eda.<\/h4>\n<ul>\n<li><strong>CISCO Award Winner<\/strong> in Internet of Everything (IoE) Applications for his 2013 PhD Thesis at the 34th edition of the COIT-AEIT Awards. Title: <em data-start=\"1577\" data-end=\"1695\">\u201cModeling Multimedia Systems for Personalization and Hybrid Recommendation Based on Users\u2019 Audiovisual Consumption.\u201d<\/em> Supervisors: Federico \u00c1lvarez Garc\u00eda and Guillermo Cisneros P\u00e9rez.<\/li>\n<\/ul>\n<\/li>\n<\/ul>\n<hr \/>\n<ul>\n<li>\n<h4>D. Jorge Valhondo Rama.<\/h4>\n<ul>\n<li><strong>COIT-AEIT Award Winner<\/strong> in Management, Economics, and Telecommunications Regulation for his 2013 Final Degree Project at the 34th edition of the COIT-AEIT Awards. Title: <em data-start=\"1963\" data-end=\"2089\">\u201cDevelopment and Integration of a Recommendation System for Audiovisual Content Based on Heterogeneous Information Sources.\u201d<\/em> Supervisor: Faustino \u00c1ngel S\u00e1nchez Garc\u00eda.<\/li>\n<\/ul>\n<\/li>\n<\/ul>\n<hr \/>\n<ul>\n<li>\n<h4>D. Borja Antona G\u00f3mez.<\/h4>\n<ul>\n<li><strong>CAJA DE INGENIEROS Award Winner<\/strong> in Creativity in Multimedia Applications for Business Development for his 2013 Final Degree Project. Title: <em data-start=\"2303\" data-end=\"2406\">\u201cDevelopment of an Automatic Video Annotation and Recommendation System Based on Low-Level Features.\u201d<\/em> Supervisor: Faustino \u00c1ngel S\u00e1nchez Garc\u00eda.<\/li>\n<\/ul>\n<\/li>\n<\/ul>\n<hr \/>\n<ul>\n<li>\n<h4>D. Adri\u00e1n Alonso Vara.<\/h4>\n<ul>\n<li><strong>Finalist of Fundaci\u00f3n Orange Award<\/strong> for the Best Final Degree Project in New Technologies Applied to Digital Inclusion and Promotion of Independent Living, 2013. Title: <em data-start=\"2646\" data-end=\"2713\">\u201cDevelopment of Accessibility Services for Digital TV Receivers.\u201d<\/em> Supervisor: Carlos Alberto Mar\u00edn Edo.<\/li>\n<\/ul>\n<\/li>\n<\/ul>\n<hr \/>\n<ul>\n<li>\n<h4>D. Jos\u00e9 Manuel Men\u00e9ndez Garc\u00eda y D. Carlos Alberto Mar\u00edn Edo.<\/h4>\n<ul>\n<li><strong>Runner-up Award<\/strong> in the first phase of the Act\u00faa UPM 2013 startup competition for the ABATV project.<\/li>\n<\/ul>\n<\/li>\n<\/ul>\n<hr \/>\n<ul>\n<li>\n<h4>D. Jose Gonz\u00e1lez Escobar.<\/h4>\n<ul>\n<li><strong>\u201cBest Contributor from Research \u2013 1st Semester 2013\u201d<\/strong> Award within the European project XIFI.<\/li>\n<\/ul>\n<\/li>\n<\/ul>\n<hr \/>\n<ul>\n<li>\n<h4>D. Juan Pedro L\u00f3pez Velasco.<\/h4>\n<ul>\n<li><strong>StartCapps Special Award<\/strong> for the application with the greatest commercial potential at the Telef\u00f3nica Movistar Chair \u201cIV Mobile Application Development Contest\u201d (July 2013). <span style=\"color: #33cccc;\"><a style=\"color: #33cccc;\" href=\"http:\/\/www.catedra-telefonicamovistar.etsit.upm.es\/?q=node\/76\">http:\/\/www.catedra-telefonicamovistar.etsit.upm.es\/?q=node\/76<\/a><\/span><\/li>\n<\/ul>\n<\/li>\n<\/ul>\n<hr \/>\n<ul>\n<li>\n<h4>D. \u00c1lvaro Mart\u00ednez Marco.<\/h4>\n<ul>\n<li><strong>CAJA DE INGENIEROS Award Winner<\/strong> in Creativity in Multimedia Applications for Business Development for his 2012 Final Degree Project. Title: <em data-start=\"3433\" data-end=\"3506\">\u201cDevelopment of a Video Distribution System Adapted to Mobile Devices.\u201d<\/em> Supervisor: David Jim\u00e9nez Bermejo.<\/li>\n<\/ul>\n<\/li>\n<\/ul>\n<hr \/>\n<ul>\n<li>\n<h4>D. Juan Pedro L\u00f3pez Velasco.<\/h4>\n<ul>\n<li><strong>Special Mention in the \u201cIII Mobile Application Development Contest\u201d<\/strong> sponsored by Telef\u00f3nica and the Telef\u00f3nica Sustainability Chair at the Universidad Polit\u00e9cnica de Madrid (May 2012). <span style=\"color: #33cccc;\"><a style=\"color: #33cccc;\" href=\"http:\/\/www.catedra-telefonicamovistar.etsit.upm.es\/?q=node\/55\">http:\/\/www.catedra-telefonicamovistar.etsit.upm.es\/?q=node\/55<\/a>. <\/span><\/li>\n<\/ul>\n<\/li>\n<\/ul>\n<hr \/>\n<ul>\n<li>\n<h4>D. Juan Pedro L\u00f3pez Velasco.<\/h4>\n<ul>\n<li><strong>Finalist in the accessible mobile application development competition<\/strong> organized by the Vodafone Chair for the application <em data-start=\"3921\" data-end=\"3937\">Emergencydroid<\/em> (November 2012). <span style=\"color: #33cccc;\">\u00a0<a style=\"color: #33cccc;\" href=\"http:\/\/www.catedravodafone.etsit.upm.es\/\">http:\/\/www.catedravodafone.etsit.upm.es<\/a><\/span><\/li>\n<\/ul>\n<\/li>\n<\/ul>\n<hr \/>\n<ul>\n<li>\n<h4>Jos\u00e9 Mar\u00eda Merch\u00e1n Lozano.<\/h4>\n<ul>\n<li><strong>Fundaci\u00f3n Orange Award<\/strong> for the Best Final Degree Project in New Technologies Applied to Digital Inclusion and Promotion of Independent Living, 2008 (Official College of Telecommunications Engineers awards). Title: <em data-start=\"4206\" data-end=\"4312\">\u201cImplementation of Technical Tools for Accessibility of Visually Impaired People to Digital Television.\u201d<\/em> Supervisor: Carlos Alberto Mar\u00edn Edo.<\/li>\n<\/ul>\n<\/li>\n<\/ul>\n<hr \/>\n<ul>\n<li>\n<h4>D. Jos\u00e9 Manuel Men\u00e9ndez Garc\u00eda.<\/h4>\n<ul>\n<li><strong>Extraordinary Doctorate Award from the E.T.S.<\/strong> Ingenieros de Telecomunicaci\u00f3n de U.P.M. 1998.<\/li>\n<\/ul>\n<\/li>\n<\/ul>\n<hr \/>\n<ul>\n<li>\n<h4>D. Guillermo Cisneros P\u00e9rez.<\/h4>\n<ul>\n<li><strong>Telecom I+D Organization Award<\/strong> 1997 for the best paper, <em data-start=\"4579\" data-end=\"4665\">\u201cISDN Tele-education Project of CITAM: System for Recording and Playback of Classes\u201d<\/em>, 1997.<\/li>\n<\/ul>\n<\/li>\n<\/ul>\n<hr \/>\n<ul>\n<li>\n<h4>D. Jos\u00e9 Manuel Men\u00e9ndez Garc\u00eda.<\/h4>\n<ul>\n<li><strong>Retevisi\u00f3n Award<\/strong> from the Spanish Association of Telecommunications Engineers and the Official College of Telecommunications Engineers for the best doctoral thesis. Title: <em data-start=\"4884\" data-end=\"4951\">\u201cEstimation of Motion Parameters in Dynamic Monocular Sequences.\u201d<\/em> 1995\u201396.<\/li>\n<\/ul>\n<\/li>\n<\/ul>\n<hr \/>\n<ul>\n<li>\n<h4>D. Guillermo Cisneros P\u00e9rez.<\/h4>\n<ul>\n<li><strong>Telecom I+D Organization Award<\/strong> 1994 for the best paper, <em data-start=\"5053\" data-end=\"5109\">\u201cRAMA Project: Multimedia Access Services for Museums\u201d<\/em>, 1994.<\/li>\n<\/ul>\n<\/li>\n<\/ul>\n<hr \/>\n<ul>\n<li>\n<h4>D. Guillermo Cisneros P\u00e9rez.<\/h4>\n<ul>\n<li><strong>Extraordinary Doctorate Award<\/strong>, Universidad Polit\u00e9cnica de Madrid, 1988.<\/li>\n<\/ul>\n<\/li>\n<\/ul>\n<hr \/>\n<ul>\n<li>\n<h4>D. Guillermo Cisneros P\u00e9rez.<\/h4>\n<ul>\n<li><strong>Rolex Awards for Enterprise Mention<\/strong> for the work <em data-start=\"5310\" data-end=\"5398\">\u201cDigital Image Processing and Computer Graphics Techniques in Archaeological Research\u201d<\/em>, referenced in the book <em data-start=\"5423\" data-end=\"5474\">\u201cThe Spirit of Enterprise, the 1987 Rolex Awards\u201d<\/em>, Montres Rolex Publishing, ISBN 0-7476-0003-1, 1987.<\/li>\n<\/ul>\n<\/li>\n<\/ul>\n<hr \/>\n<ul>\n<li>\n<h4>D. Guillermo Cisneros P\u00e9rez.<\/h4>\n<ul>\n<li><strong>A.E.I.T. \u2013 C.O.I.T.<\/strong> <strong>Award\u00a0<\/strong>(Asociaci\u00f3n Espa\u00f1ola de Ingenieros de Telecomunicaci\u00f3n \u2013 Colegio Oficial de Ingenieros de Telecomunicaci\u00f3n) for the best Final Degree Project, 1984.<\/li>\n<\/ul>\n<\/li>\n<\/ul>\n<hr \/>\n<\/div><\/section><\/div>\n","protected":false},"excerpt":{"rendered":"","protected":false},"author":3,"featured_media":0,"parent":0,"menu_order":0,"comment_status":"closed","ping_status":"closed","template":"","meta":{"_acf_changed":false,"footnotes":""},"class_list":["post-4220","page","type-page","status-publish","hentry"],"acf":[],"_links":{"self":[{"href":"https:\/\/www.gatv.ssr.upm.es\/index.php\/wp-json\/wp\/v2\/pages\/4220","targetHints":{"allow":["GET"]}}],"collection":[{"href":"https:\/\/www.gatv.ssr.upm.es\/index.php\/wp-json\/wp\/v2\/pages"}],"about":[{"href":"https:\/\/www.gatv.ssr.upm.es\/index.php\/wp-json\/wp\/v2\/types\/page"}],"author":[{"embeddable":true,"href":"https:\/\/www.gatv.ssr.upm.es\/index.php\/wp-json\/wp\/v2\/users\/3"}],"replies":[{"embeddable":true,"href":"https:\/\/www.gatv.ssr.upm.es\/index.php\/wp-json\/wp\/v2\/comments?post=4220"}],"version-history":[{"count":7,"href":"https:\/\/www.gatv.ssr.upm.es\/index.php\/wp-json\/wp\/v2\/pages\/4220\/revisions"}],"predecessor-version":[{"id":11249,"href":"https:\/\/www.gatv.ssr.upm.es\/index.php\/wp-json\/wp\/v2\/pages\/4220\/revisions\/11249"}],"wp:attachment":[{"href":"https:\/\/www.gatv.ssr.upm.es\/index.php\/wp-json\/wp\/v2\/media?parent=4220"}],"curies":[{"name":"wp","href":"https:\/\/api.w.org\/{rel}","templated":true}]}}